627 is divided by 18.
0
Let b(d) = d**3 + 6*d**2 - 34*d + 17. What is the remainder when 39 is divided by b(0)?
5
Suppose 1101 = 4*x + 24*l - 21*l, 20 = -4*l. Calculate the remainder when 344 is divided by x.
65
Let q = 19807 - 19324. Calculate the remainder when q is divided by 59.
11
Let a = 485 - 679. Let u = -186 - a. Suppose 24 = 3*v - 15. What is the remainder when v is divided by u?
5
Let i = 1490 - 532. Let b = i - 928. Let r(f) = -2*f - 5. Calculate the remainder when b is divided by r(-6).
2
Suppose -4*u - 1527 = -h, 76*h + 4*u = 73*h + 4549. Calculate the remainder when h is divided by 109.
102
Let d be (72/10)/(3*(-1)/(-105)). Suppose 14*a - 5*a - d = 0. What is the remainder when a is divided by 1 - (-3 - 4/(-4))?
1
Suppose 5*z = -c + 51, 0 = 3*z - 283*c + 284*c - 31. Calculate the remainder when 65 is divided by z.
5
Suppose 0 = -6*j - 4*j + 120. Suppose -j = 96*w - 97*w. What is the remainder when -1 + (-18)/4*(-32)/w is divided by 7?
4
Let h(d) = d**2 + 142*d + 546. Calculate the remainder when h(-153) is divided by 30.
9
Suppose -265 = 2*h - 279. Suppose 0 = h*y - 4363 + 842. What is the remainder when y is divided by 36?
35
Let w = -11065 + 11171. Calculate the remainder when w is divided by 86.
20
Let k(a) = 2*a**2 + 15*a - 8. Let m be k(-8). Let j be (14/(-7) - m) + (-8)/2. Let q = j - -43. Calculate the remainder when q is divided by 19.
18
Let a(s) be the first derivative of 2*s**3/3 - 77*s**2/2 - 79*s - 10. Calculate the remainder when a(40) is divided by 3.
2
Suppose -8*x = -10*x + 52. Suppose -5*o - 4*w - 18 = -7, 0 = -5*o - 3*w - 12. What is the remainder when x is divided by (-2 + 17)/(-1 + o + 5)?
11
Let s = 896 - 888. Calculate the remainder when 916 is divided by s.
4
Suppose -2*y = 3*b - 1231, 5*y - 1547 = -5*b + 1538. What is the remainder when y is divided by 24?
20
Let g(k) = -k**3 - 2*k**2 - 5*k + 3. Suppose -3*d = 120 - 114. Calculate the remainder when g(d) is divided by 6.
1
Calculate the remainder when (180 - (-2 + 0)) + -1 is divided by (-344)/(-86)*(1 + 114/8).
59
Let t(i) = -i**3 - 12*i**2 + 5*i - 7. Let d be t(-13). Let h = d + 38. Suppose -17*o = -12*o - h. What is the remainder when 105 is divided by o?
24
Let m be (-1)/(5 + 186/(-36)). Suppose -m*n - 333 = -9*n. What is the remainder when n is divided by 19?
16
Let c(m) = -m**2 + 54*m - 414. What is the remainder when c(20) is divided by 64?
10
Suppose 10 - 55 = -3*v. Suppose -2*u + 7*u = 135. What is the remainder when u is divided by v?
12
Suppose -4*s + 7*n + 8 = 0, 10*s - 6*s = n + 32. Calculate the remainder when 28 is divided by s.
1
Let d(h) = 171*h + 965. Calculate the remainder when d(-3) is divided by 77.
67
Let n(l) = 220*l + 10. Let d be n(2). Suppose -23*g - d = -28*g. What is the remainder when 538 is divided by g?
88
Suppose -219*z + 624 = -171*z. Calculate the remainder when 1727 is divided by z.
11
Suppose 2825 + 7444 = 566*b - 77*b. Let c(t) = -t**2 + 7*t. Calculate the remainder when b is divided by c(6).
3
Let z(j) = 2*j**3 + 74*j**2 + j + 176. What is the remainder when z(-37) is divided by 15?
4
Let b(f) = -f**3 - 3*f**2 - 6*f + 13. Let r = -73 - -67. Calculate the remainder when b(r) is divided by 33 + (3 + (-15)/6)*-2.
29
Calculate the remainder when 9013 is divided by ((-7)/2)/((141/138)/(-47)).
158
Let x(c) = -55*c - 2469. Calculate the remainder when x(-85) is divided by 60.
46
What is the remainder when (-10)/(-165) - (-133393)/429 is divided by 88?
47
Suppose 0 = -56*p + 104*p - 777 - 4887. What is the remainder when 1039 is divided by p?
95
Let z = -8697 - -16112. Calculate the remainder when z is divided by 103.
102
Let y = 21452 + -21348. What is the remainder when 619 is divided by y?
99
Let u be 16/4 + 3 + 3. Let o be (-35)/7*(1 + 18/u). Calculate the remainder when (-496)/o + (-15)/35 is divided by 12.
11
Let q = -15579 + 15588. What is the remainder when 398 is divided by q?
2
Let h(n) = -385*n - 130. What is the remainder when h(-1) is divided by 75?
30
Suppose -y + 257 + 1 = 0. Let n(p) = -46*p**2 + 280*p - 15. Let w be n(6). What is the remainder when (-3)/(-1)*(y/w - 5) is divided by 12?
11
Let b(g) = g**2 - 391*g - 11634. Calculate the remainder when 1159 is divided by b(-28).
81
Suppose 162*o + 10 = 164*o. Suppose 4*q + 3*h - 7*h - 136 = 0, o*q + 2*h = 135. What is the remainder when q is divided by 8?
5
Let b = 5125 + -4572. Calculate the remainder when 2221 is divided by b.
9
Let j(h) = 43*h**2 + 17*h - 29. What is the remainder when 543 is divided by j(2)?
12
Suppose 3*c - 6*c - 4*z + 62 = 0, -5*z = -3*c + 98. Suppose -3*l = -c - 55. Calculate the remainder when l is divided by 10.
7
Suppose -5 = -2*h - 3. Calculate the remainder when 3749/115 + 0 + (-2)/(-5) is divided by h*(-3)/3*-5.
3
Let m(y) = -20*y - 91 - 21 - 63. Calculate the remainder when m(-12) is divided by 22.
21
Suppose -21*h + 17*h + 8 = 0. Suppose -h*g + 65 = 3*g. Let c(y) = -y - 5. Calculate the remainder when g is divided by c(-12).
6
Suppose -s + 5*v = 3*s - 5, 3*s = 5*v. Suppose -s*n - 55 = -6*n. Calculate the remainder when 162 is divided by n.
52
Suppose -3*z + 30 = 2*z. Let a(v) = -7*v - 91. Let o be a(-13). Suppose o = -8*d - 30 + 182. Calculate the remainder when d is divided by z.
1
Suppose 0 = -4*o + 5*u + 97, 0*o - 52 = -4*o - 4*u. Suppose -60*a + o = -54*a. Calculate the remainder when 10 - 0 - 4/2 is divided by a.
2
Let r = 127 - 121. Let c(f) = -f - 2. What is the remainder when (r + -9)/((3 + 0)/(-9)) is divided by c(-5)?
0
Let v be (-24)/(-16)*2/1. What is the remainder when 0 - (6*-1 - 0) is divided by 1 - v*(1 - 2)?
2
Suppose -178 - 402 = -17*g - 3*g. Calculate the remainder when 242 is divided by g.
10
Let t(m) = -118*m - 5609. What is the remainder when t(-73) is divided by 167?
166
Let h = 169 - -110. Calculate the remainder when h is divided by (1 + 141)*828/1656.
66
Let n(x) = 20*x - 148. Let q = 641 - 620. What is the remainder when n(q) is divided by 13?
12
Let k be (-2)/(-5) + 612/45. Let a(z) = 37*z - 22*z - 14*z + 7. What is the remainder when 144 is divided by a(k)?
18
Let f(i) = i**2 + 131*i + 3226. Let z(j) = j**2 - 2*j - 6. Calculate the remainder when f(-100) is divided by z(4).
0
Suppose 33*b - 11899 - 13811 + 2610 = 0. Calculate the remainder when b is divided by 37.
34
Let c = -527 + 570. What is the remainder when 505/4 + 9/(-36) is divided by c?
40
Let o(l) = -5*l**3 - 3*l**2 + 14*l + 29. Calculate the remainder when o(-5) is divided by (-5 - -23) + 0 - 3.
14
Suppose 17*a + 47*a = 276 - 20. Calculate the remainder when 19 is divided by a.
3
Suppose 4*a + 41 = w + 124, -3*w = -15. Suppose 19*k - a*k + 398 = z, -4*z - 16 = 0. What is the remainder when k is divided by 27?
26
Suppose 598 = 20*u + 446 - 1288. Calculate the remainder when 730 is divided by u.
10
Let i(v) = 3*v + 2. Suppose 7*a + 13447 = 4410. Let l = 1332 + a. Calculate the remainder when l is divided by i(3).
8
Let s = 74 + -51. Suppose 0 = -814*p + 810*p + q + 154, -2*p + q + 74 = 0. Calculate the remainder when p is divided by s.
17
Suppose -75*j + 1731 = -72*j. Let q = -558 + j. Calculate the remainder when 69 is divided by q.
12
Let s(d) = -d**3 - 2*d**2 - 2*d - 2. Calculate the remainder when 1442 is divided by s(-4).
36
Suppose 5838 = 49*f - 70*f. Let j = f - -299. What is the remainder when 32 is divided by j?
11
Suppose 30*u - u = 87. What is the remainder when 494 is divided by 11 - u - (2 - 5)?
10
Let r be (-4 - 176/(-40))/(2/20). Suppose -5*b + 5*t + 548 = -b, t = r. Calculate the remainder when b is divided by 36.
34
Let i = -56 - -91. Let a = 53 - i. Let z(o) = o**2 - 13*o + 52. Calculate the remainder when z(13) is divided by a.
16
Let k(v) = v**3 - 8*v**2 + 18*v - 6. Let u be k(5). Calculate the remainder when 10 is divided by 2 - (1 + 3 - (0 + u)).
3
Let q = -21 + 26. Suppose -2*a + 14 = q*a. Suppose 11 = -a*k + 87. What is the remainder when k is divided by 11?
5
What is the remainder when (6 - (-624)/(-65))*-35 is divided by 35?
21
Let j be (-9)/15 + (1 - 6381/15). Let f = j - -503. Calculate the remainder when 462 is divided by f.
72
Suppose 12*m = 2011 + 761. What is the remainder when m is divided by 115?
1
Suppose 2023*t = 2045*t - 10318. Calculate the remainder when t is divided by 445.
24
Suppose -193 = -5*b 